p**2 + 4*p + 4. Let f = -842 - -852. Suppose -2*l = -i + f + 4, 3*l + 12 = 0. Calculate j(i).
-8
Let v = 2426 - 2432. Let g(q) = 8*q + 23. Determine g(v).
-25
Let y = 21 + -20. Let r(k) = 23*k + 2*k**2 - y + 0*k - 4*k. Let i(o) = -3*o**2 - 28*o + 1. Let c(a) = -5*i(a) - 7*r(a). Determine c(-5).
-8
Let m(o) = -5*o**3 + o. Suppose -3*y - 579 = -2*s + 2*y, -s = -2*y - 292. Suppose -3*q - 136 - 141 = 4*t, 4*t = 2*q - s. Let f = t - -72. Give m(f).
4
Let y = 72 - 4. Let u(w) = -68*w + 10 + 137*w - y*w. Determine u(0).
10
Let y = 37 - 34. Let k(v) = 3 - 4*v - 4 + 4 + v**2 + 4 + 6*v**y. Let d(r) = 5*r**3 - 3*r + 6. Let u(p) = -5*d(p) + 4*k(p). Determine u(3).
4
Let y(d) = 2*d - 3. Let w = -121 - -212. Suppose -4*k + w = -z, -10 = -2*z - 0*z. Suppose -7*r + k = r. Give y(r).
3
Let d(k) be the third derivative of k**6/120 - 7*k**5/60 - 7*k**4/24 - k**3/3 + 145*k**2 - 2*k. Give d(7).
-51
Let w(d) = -d**2 + 1. Suppose 196*u - 8 = 188*u. Let l(r) = -2*r**2 + 9*r - 2. Let k(z) = u*w(z) - l(z). Calculate k(9).
3
Let v(t) be the second derivative of -5*t**4/6 - t**3/3 - t**2/2 - 1981*t. Calculate v(-1).
-9
Suppose 70*q = 74*q + 4*p - 12, -4*p = 5*q - 13. Let j(c) = 3*c - 8. Let v(o) = o - 3. Let x(h) = 4*j(h) - 10*v(h). Determine x(q).
0
Let k(j) = -j - 3. Let x be k(-2). Let g(l) = -5*l - 8. Let q be g(x). Let v(w) = -w**3 - w**2 - 2*w + 3. Calculate v(q).
27
Let n(m) be the third derivative of 0*m + 1/60*m**5 - 1/6*m**4 + 0 - 1/3*m**3 - 3*m**2. Let l be n(3). Let d(j) = -j + 3. What is d(l)?
8
Let x(r) = -5*r - 3*r**2 - 5*r + 44 - 46 + 0*r. Let i(s) = -4*s**2 - 11*s - 3. Let d(b) = 4*i(b) - 5*x(b). What is d(5)?
3
Let z(l) = -2*l**2 + 10*l + 3. Let q be (25/(-60))/(21/(-504)). Calculate z(q).
-97
Let g = 24330 - 24334. Let m(n) = 5*n**2 + 8*n + 8. What is m(g)?
56
Let z(t) = -859*t + 2*t**2 - 851*t + 5 - 861*t + 2561*t. What is z(4)?
-3
Let g = 231 + -15. Let l(o) = 6*o + g - 3*o - 217. Let w = -1 - 0. Calculate l(w).
-4
Let r(n) = -2*n - 6*n**2 - 2 + n**2 + 3*n**2. Let a = -7827 - -7824. Determine r(a).
-14
Suppose 0 = 4*q + 5*p + 16, -q + 0*p = 2*p + 4. Let s(z) = -2*z**2 - 11*z - 2. Let j(u) = -2*u**2 - 12*u - 1. Let n(k) = -4*j(k) + 5*s(k). Determine n(q).
-10
Let z(f) be the second derivative of 23*f**4/2 - f**3/3 - 11*f + 7. Give z(-1).
140
Let u(p) = p**3 + 0*p**2 + 37235*p - 37240*p + p**2 + 17. Determine u(-4).
-11
Suppose 0 = 5*y - 5 - 5. Let t(x) = x**2 - y*x - 2*x + x**2 - 3 - x**2. Suppose 0 = -a + 5*d - 6, -3*d + 1 - 7 = -3*a. What is t(a)?
-3
Let d(r) be the third derivative of -r**6/10 + r**4/24 + 4065*r**2 + 1. Determine d(-1).
11
Let n(a) = 2*a**3 + 22*a**2 - 20*a - 26. Let y(p) = -2*p**3 - 21*p**2 + 19*p + 25. Let c(q) = -6*n(q) - 7*y(q). What is c(-8)?
21
Let i = 174 - 169. Let k(p) = -2*p**2 - 5975 + p**2 + 5982 - i*p. Give k(-6).
1
Let x(p) = -p**3 + 16*p**2 - 16*p + 22. Suppose -k = 38 - 53. Determine x(k).
7
Let k = 65 - 63. Suppose k*v + 2*v + 12 = 0. Let x be v/(-7) - 184/(-28). Let p(n) = n**2 - 7*n + 7. Determine p(x).
7
Let f(m) = 4*m**2 + 2 + 4*m**2 + m - 5*m**2 + m**2 - 5*m**2. Suppose -9*z + 8*z = 0. What is f(z)?
2
Let v(c) be the third derivative of -c**4/8 - c**3 - 3*c**2 + 13. Let m(b) = b + 1. Let f(o) = -2*m(o) - v(o). What is f(-6)?
-2
Let x(w) be the third derivative of -11*w**5/60 + 5*w**4/6 - w**3/3 - 3036*w**2. Determine x(2).
-6
Let j(k) = 7*k**3 - 76*k**2 + 77*k - 49. Let r(h) = -h**3 + 8*h**2. Let s(p) = j(p) + 6*r(p). What is s(25)?
1
Let x(v) = v**2 - 7*v - 5. Let z = -19284 - -19293. What is x(z)?
13
Let s be 1 + -1 + -1 - 5. Let o(n) = 0*n - n**2 + 29936 - n - 2*n - 29930. Determine o(s).
-12
Suppose 0 = 12*h - 29*h + 238. Let s(k) = 27*k - 1 - 15*k - h*k. What is s(-4)?
7
Let l(j) = -2864*j + 2866*j + 8 + 2 - 2. What is l(-9)?
-10
Let u(z) be the third derivative of -z**6/120 + z**4/12 - z**3/2 - 4*z**2. Suppose -3*m - 4*w = m - 16, -5*m = w + 8. Give u(m).
18
Let m(z) = -z**2 - 36*z - 148. Let j be m(-28). Suppose -12*i = 7*i - j. Let o(u) = 5*u - 6. Determine o(i).
14
Let a(c) = -2*c**2 - 7*c + 48. Suppose 37 = -2*j - 3*f, -5*j - 47 = 66*f - 65*f. Give a(j).
-24
Let k(w) = w**3 - 9*w**2 + 7*w + 5. Let p(f) = -34*f + 3. Let i be p(-3). Suppose 0*b + 4*c = 3*b + 49, 2*b + 2*c + 28 = 0. Let j be 14/i - 118/b. What is k(j)?
-3
Let w(j) = -j**3 + 2*j**2 + j + 1. Suppose -o + 6 = 4*r + o, 0 = -4*r - 3*o + 1. Calculate w(r).
-27
Let x(s) = 38*s + 23 + 17 + 33*s + 66 - 62*s. Determine x(-11).
7
Let q(r) = -1 - 7 + 13 + 8 - 70*r + 170*r. Determine q(-1).
-87
Let o be (-224)/40 + 3/5. Let x(j) be the first derivative of -3*j**2 - 10 - 2*j**3 - 1/4*j**4 - 6*j. Determine x(o).
-1
Let v = 10 - 12. Let y(o) = o**3 + 8*o**2 - 7*o + 1. Let p(k) = -k**3 - k**2. Let m(g) = v*p(g) - y(g). Calculate m(5).
9
Let q(l) = l**3 - 10. Let x(p) be the third derivative of p**6/120 - p**5/30 + p**4/24 - p**3/3 + 3*p**2 + 2*p. Let b be x(2). Give q(b).
-10
Let i = 136 - 6. Let v = -56 - -187. Let j(n) = -2*n - 262 + v + n**2 + i. Determine j(4).
7
Let z(s) = -s**2 - s. Let c be (210/28)/(-15)*0. Give z(c).
0
Suppose 0 = 5*u - 3*o + 95, 5*u + 5*o + 95 = o. Let s = 22 + u. Let k(d) = -4 - 8*d**2 + 2*d - d + 7 - d**s. What is k(-8)?
-5
Let n(a) = -a + 0*a + 2*a - 3. Let p(f) = -5*f**3 - 7*f**2 + 8*f - 2. Let r be p(1). Let w = r - 0. Determine n(w).
-9
Let u(v) = 1 - 4*v - 5 - 4 + 5*v. Let z(k) = -8*k**2 + 12*k - 15. Let t be z(8). Let j = t + 438. Determine u(j).
-1
Let o(v) = -7*v + 1. Let y = -4 + 7. Let j(x) = y*x**3 - 6*x**3 + 4*x**3 - 13*x**2 + 8 + 8 - 15*x. Let k be j(14). Determine o(k).
-13
Let w be ((-11)/(-44))/((-19)/152). Let u(m) = 4*m**3 + 3*m**2 + 4*m + 4. Calculate u(w).
-24
Let y(r) = -r**2 + r + 9. Let a(p) = p - 9*p**2 + 7*p + 4 + 8*p**2 + 2*p**2. Let o be a(-8). Give y(o).
-3
Let x(o) be the second derivative of o**4/12 - 3*o**3/2 + 3*o**2/2 + 5180*o + 2. Suppose 0*i - 5*i - 10 = 0. Let w be i/8 - 37/(-4). Determine x(w).
3
Let w(k) = 4*k**3 + k**2 + 2*k + 1. Let l(y) = -3*y**2 - 7*y**3 + 2 - y + 6*y**3 - 2. Let c be l(-2). Let h be (c/3)/((-26)/(-39)). What is w(h)?
-4
Suppose 2*m = 4*a, -5*a = -0 + 15. Let s be m/12 - (-2)/(4/5). Let k(c) = 7*c - 3*c**2 + 0*c - 2 - 3*c. Give k(s).
-6
Let w(i) = -i - 1. Let t(b) be the third derivative of b**4/6 - 2*b**3/3 - 119*b**2. Let o(x) = t(x) + w(x). Determine o(7).
16
Let h(g) be the second derivative of -g**4/6 + 2*g**3/3 + 3*g**2/2 - 150*g. Let v = -94 - -98. Determine h(v).
-13
Let m(o) be the first derivative of o**3/3 + 13*o**2/2 - 15*o - 2597. Calculate m(6).
99
Let d(j) = 0*j + 13 - 31 + 11 - 16*j. Let w(r) = -r - 4. Let y(x) = -d(x) + 2*w(x). Give y(1).
13
Let g(u) = u**3 + u**2 - 2*u + 1. Let w = 3 + 23. Let b = w - 25. Suppose 11 = -5*d + b. What is g(d)?
1
Let j(i) = -248*i - 746. Let r be j(-3). Let y(w) = 2*w**3 + 8*w**2 + 3*w - 12. Give y(r).
-2
Let o be ((-45)/6)/((-3)/(-12)). Let u be (-114)/o - (-4)/(-5). Let k(h) = 5 + 2*h - u - 3*h. What is k(-6)?
8
Let c(s) = -2*s - 1. Let r(b) = -b + 1. Suppose 0*q + 5*t - 4 = -q, -q = t. Let h(d) = q*c(d) - 2*r(d). Suppose w = 4*w + 15, 0 = 2*x - w - 7. Determine h(x).
3
Let n(z) be the first derivative of 11*z**2/2 + 54*z - 8151. What is n(-5)?
-1
Let a(g) = -188*g**2 + 12*g - 12. Let r be a(1). Let o = 186 + r. Let j(i) = 2*i + 2. What is j(o)?
-2
Let h be (-6)/(-10) - ((-648)/(-20))/(-6). Suppose h = -11*m + 94. Let q(j) = j**3 - 9*j**2 + 6*j + 9. Give q(m).
-7
Let s(c) = -131*c**2 - 6*c - 16. Let p(d) = 19*d**2 + 2. Let v(g) = 15*p(g) + 2*s(g). Determine v(2).
66
Suppose -1889*o + 923*o = -927*o - 156. Let m(r) be the first derivative of -3*r**2 - 3*r - 1. Calculate m(o).
-27
Let h(w) = 87*w**3 - 2*w - 99*w**3 + w**2 + 2 + 4*w - 3*w. Let j(d) = -26*d**3 + 3*d**2 - 3*d + 5. Let m(u) = -7*h(u) + 3*j(u). What is m(1)?
7
Let y = -262 - -399. Let l(v) = -y - 3*v + 2*v - 4*v + 140. What is l(-3)?
18
Let y(z) = -3*z**3 - 7*z**2 - 5*z + 8. Suppose 30 - 46 = -18*f - 52. Give y(f).
14
Suppose -22*d - 184*d = 1442. Let q(u) = u**2 + 17*u + 87. Calculate q(d).
17
Let r(t) = -4*t - 7. Let z(s) = 66*s - 3*s**2 + 2*s**2 + 43 - 49*s. Let q be z(19). Give r(q).
-27
Let z(i) be the first derivative of -i**4/4 - 5*i**3/3 - i**2 + 3*i + 3263. What is z(-3)?
-9
Let p(o) be the second derivative of -o**4/12 + 17*o**3/6 - 8*o**2 - 